c - 22. List the prime factors of y(15).
2, 13, 883
Let d(b) = -70*b - 1455. List the prime factors of d(-46).
5, 353
Let t(l) = 3190*l**2 + 4*l. Let f be t(-1). Suppose -f = 13*w - 19*w. What are the prime factors of w?
3, 59
Let a = -266 - 104. What are the prime factors of ((-12)/16)/(2 - a/(-184))?
3, 23
Let k(o) = 72*o**2 - 235*o + 1784. What are the prime factors of k(8)?
2, 3, 47
Suppose y - 890 = 1792. What are the prime factors of y?
2, 3, 149
Let s = 1190 + -288. Let k = s - 794. What are the prime factors of k?
2, 3
Suppose -4*h + 12977 = -u, 48*u = -3*h + 44*u + 9709. List the prime factors of h.
3, 23, 47
Suppose -m = -3*l - 1550, 0 = -m - 4*l + 381 + 1148. Suppose -w + m = 3*u, -2*u = 3*u - 2*w - 2572. What are the prime factors of u?
2, 257
Suppose 0 = -4*w + 2*w + 3*u + 51, 3*w + 3*u - 69 = 0. Suppose -3*h - w = -15*h. Suppose h*g + 11 = 29. What are the prime factors of g?
3
Let a be (-424)/(-10 - -6) - 1. Let d = a - 81. What are the prime factors of d?
2, 3
Let m = -362 + 1098. Suppose 4*c = -2*s + 940, 3*c - m - 204 = -2*s. What are the prime factors of s?
2, 5, 47
Let r(b) = b**3 - 76*b**2 - 15*b + 179. What are the prime factors of r(78)?
11177
Let f = -241 + 386. Suppose -5*w - 105 = f. Let h = -22 - w. What are the prime factors of h?
2, 7
Let l = -15130 + 23451. What are the prime factors of l?
53, 157
Suppose -h + 5*m - 16 = -4, -2*h - 5*m + 21 = 0. Suppose -h*u = -0*l + 2*l - 12, -l = -3. Suppose -g - u*q = -25, 0 = 3*q - 2 - 4. List the prime factors of g.
3, 7
Let s(q) = 298*q**2 - 10*q - 11. Let n(o) = -2*o + 13. Let l be n(7). List the prime factors of s(l).
3, 11
Let h(k) = -2*k**2 + 48. Suppose 2*u + 2*p = -2*u + 84, 0 = -u + 4*p + 3. Let a = u + -19. List the prime factors of h(a).
2, 3
Suppose -65 = -4*s - 177. List the prime factors of (-27783)/s - ((-2)/(-8) - 0).
2, 31
Let n = -40 - -34. Let w be -2*76/(-12) - 2/n. List the prime factors of 1 + -3 + w/(26/244).
2, 3, 5
List the prime factors of (-2035)/(12/(-9) + -6 - -7).
3, 5, 11, 37
Suppose c + 11438 + 4895 = k, -4*c = k - 16303. List the prime factors of k.
29, 563
List the prime factors of 61353 + 10/12 + (85/(-30))/(-17).
2, 30677
Let f be (-126)/(-5) + (-6)/30. Suppose 2*g - 4*x - 1 - f = 0, -2*g + 16 = -2*x. Suppose -5*b = j - 643, -5*j = g*b + 72 - 449. List the prime factors of b.
3, 43
Suppose 33*j - 4*c + 79416 = 35*j, -3*j + 13*c + 119257 = 0. What are the prime factors of j?
2, 19861
Let v be (-1)/(15/54 - (-24)/108). List the prime factors of (-22155)/(-30) - (-3)/v.
11, 67
Let m(w) = -2*w**3 - 76*w**2 + 136*w + 315. List the prime factors of m(-42).
3, 5, 7, 83
Suppose 0 = 13*w + 24*w - 120287. List the prime factors of w.
3251
Let d(n) be the third derivative of 193*n**4/12 + 26*n**3/3 + 3*n**2 - 29. List the prime factors of d(4).
2, 3, 7, 19
Suppose 4*a = r - 104 + 8, 0 = 3*r - 3*a - 279. Let s be (1/3)/(1/15). Suppose -m = -2*u - 43, s*m = -4*u + 137 + r. List the prime factors of m.
3, 5
Let j(f) = 103*f**2 + 8*f + 66. Let t be j(6). Suppose -2*s + 6370 = 5*m, 0 = -2*m + 5*m + 2*s - t. List the prime factors of m.
2, 7, 13
Suppose -915*s = -914*s - 396. Suppose s = z - 9. What are the prime factors of z?
3, 5
Let t(d) be the third derivative of 9*d**5/20 + d**4/6 + d**3/3 - 78*d**2. List the prime factors of t(-2).
2, 3, 17
Let w = 43551 - 28239. List the prime factors of w.
2, 3, 11, 29
Let y(k) = -237*k**3 + 5*k**2 + 121*k + 463. List the prime factors of y(-4).
15227
Suppose -x = 4*q - 16700, 3*q + 14*x - 16*x - 12514 = 0. What are the prime factors of q?
2, 2087
Suppose -3*m + 2*a + 249 - 9790 = 0, -3*a - 12727 = 4*m. Let b = m - -4523. What are the prime factors of b?
2, 11, 61
List the prime factors of ((31/2)/(2/508))/((-798)/(-1596)).
2, 31, 127
Suppose -6*z = -2*z + 80. Let a = z - -20. Suppose a = 5*r + 20, 2*s - 422 = -s + 2*r. List the prime factors of s.
2, 3, 23
Let u = -249 - -248. List the prime factors of u*339*(-21)/63.
113
Suppose h - 8376 = -3*s - 1218, 4*s = h + 9537. List the prime factors of s.
3, 5, 53
Suppose -26 = -2*n - 2. Let b be ((-25)/15)/((-4)/n). Suppose -4*k = d - 2, b*d + 4*k + 0*k = 26. List the prime factors of d.
2, 3
Suppose -5*i + i = 188. Let j = i - -36. What are the prime factors of (j/(-2))/((-11)/(-22))?
11
Let u(c) = 103*c. Let x(p) = -p. Let o(s) = 3. Let h(w) = o(w) - 2*x(w). Let b be h(-1). List the prime factors of u(b).
103
Suppose 0 = 6*b - 10*b + 5*h, -h = 0. List the prime factors of 1 - -829 - b/38.
2, 5, 83
Let c(w) = 112*w**2 + 10*w + 33. What are the prime factors of c(-6)?
3, 5, 89
Let i(c) = 2*c**2 + 10*c - 32. Let b(m) = -2*m**2 - 11*m + 31. Let x(n) = 5*b(n) + 6*i(n). List the prime factors of x(-20).
3, 13, 17
Let g be 2/(-2)*0/1. Let b(m) = m**2 + 5*m + 93. Let c(a) = -a + 1. Let n(q) = b(q) + 5*c(q). List the prime factors of n(g).
2, 7
Suppose 8*w + 35112 = 3*h, 0 = w + 3*w - 24. List the prime factors of h.
2, 5, 293
Let u(a) = 45 + 12*a + 11*a + 9*a. List the prime factors of u(4).
173
Suppose -6*t - 67 = -199. Let c(g) = -g**2 + 25*g - 50. Let q be c(t). What are the prime factors of q/32 + (-433)/(-2)?
7, 31
Let g(i) = i + 48. Let h be g(15). Let f = h - 61. Suppose 4*d - 128 = -f*u, 4*d - 3*d - 5*u = 21. What are the prime factors of d?
31
Let m = -50 + -106. Let p be 2 + -2 + -271 - 65/(-13). Let i = m - p. What are the prime factors of i?
2, 5, 11
Suppose 5*r + 18640 = 2*b, 9*b = 5*b + 3*r + 37294. What are the prime factors of b?
5, 373
Suppose 911246 + 2063120 = 245*y - 270659. List the prime factors of y.
3, 5, 883
Let l = 3723 + -323. Let r = l - 1665. What are the prime factors of r?
5, 347
Let x be 1*(20/(-6))/((-13)/(-39)). Let h be x/10*-2*2. Suppose -5*c = -3*k - 1065, h*c + 2*k + k = 825. List the prime factors of c.
2, 3, 5, 7
Suppose n - 60117 - 42182 = -5*l, 5*n + 102275 = 5*l. What are the prime factors of l?
41, 499
Let a(c) = -150*c**3 - 3*c**2 + 838*c + 5080. What are the prime factors of a(-6)?
2, 13, 311
Suppose -3*w + 4*w - 7 = 0. Suppose a + 2 = -w. Let j = a + 70. What are the prime factors of j?
61
Suppose 0*n - s - 47975 = -5*n, -5*n - s + 47965 = 0. List the prime factors of n.
2, 3, 13, 41
Let u(m) = m**3 + 11*m**2 + 25*m + 3. Let a be u(-4). Let q = 48 - a. List the prime factors of q.
3, 11
Suppose -1 = -2*t - 5*o, 0*t - 3*o = -t + 6. Suppose 4*x - 2*f - 1780 = 0, -2*f - 876 = -t*x + 461. List the prime factors of x.
443
Let l(z) = 105*z - 4695. What are the prime factors of l(123)?
2, 3, 5, 137
Let j = -42 - -79. Let g = -32 + j. Suppose -5*v = 5, v - 424 = -g*h - 0*h. What are the prime factors of h?
5, 17
Suppose -16 = -g - 13. Suppose g*q = -3*h + 348, 4 = -h - 0*h. List the prime factors of ((-18)/2 - -2)/((-8)/q).
3, 5, 7
Suppose -160*h + 164*h = -5*m + 430500, -3*m = -3*h - 258273. What are the prime factors of m?
2, 5381
Let h be ((-180)/(-210))/((-1)/14). What are the prime factors of 2781/12 + (-3)/h?
2, 29
Let o be ((81/(-3))/(-3))/1. Suppose -10*r + o*r + 335 = 0. List the prime factors of r.
5, 67
Let s(j) = 1148*j**2 + 48*j + 99. What are the prime factors of s(-8)?
163, 449
Suppose -5*q - 1 = -11. Suppose -5*h = q*b - 29, -4*h + 10 = -5*b - 0*h. Suppose -n - 76 = -b*n. List the prime factors of n.
2, 19
Let a(m) = -7*m - 3. Let d be a(-1). Let o be (d - 13)/((-1)/75). Suppose 9*u = 756 + o. List the prime factors of u.
3, 53
Let z(o) = -4*o**3 - 3*o**2 - 3*o + 13. Let g be (-8)/(-10) + (-1)/((-20)/(-116)). List the prime factors of z(g).
3, 151
Let j(b) = -11899*b**3 + 7*b**2 + 17*b + 9. List the prime factors of j(-1).
2, 3, 661
Let x(a) = 22*a**2 - 40*a**2 + 20*a**2 - 10*a + 4 - 2. List the prime factors of x(-7).
2, 5, 17
Let g = 110699 + -59875. List the prime factors of g.
2, 6353
Suppose 106*o - 199*o = -2882327 - 138778. List the prime factors of o.
5, 73, 89
Suppose 9*x + 2091 = 10*x. Suppose 19*q - 2*q - x = 0. What are the prime factors of q?
3, 41
Let o(s) = -391 + 41*s**2 + 6*s + 391. Let p be o(-1). Let v = p + 20. List the prime factors of v.
5, 11
What are the prime factors of ((-189804)/15)/((-250)/625)?
2, 15817
Suppose -190 = -6*x - 148. Let a(b) = b**3 - 3*b**2 - 4*b. What are the prime factors of a(x)?
2, 3, 7
Suppose -23*b - 12*b + 113677 = -4*b. What are the prime factors of b?
19, 193
Let q(x) 